 15. Give f(-13).
-15
Let y(x) = -94*x**2 - 14*x - 8. Determine y(0).
-8
Let r(j) = -4856*j + 43701. What is r(9)?
-3
Let o(g) = 866*g + 19914. Calculate o(-23).
-4
Let l(m) = -8*m**2 + 255*m - 16. What is l(32)?
-48
Let k(w) = w**2 + 23*w + 135. Calculate k(-17).
33
Let w(l) = 50*l - 697. Calculate w(14).
3
Let f(h) = 9*h**2 - 19*h - 575. Determine f(9).
-17
Let d(z) = 2*z**2 + 300*z + 855. Determine d(-147).
-27
Let s(p) = -p**3 + 26*p**2 - 5. What is s(26)?
-5
Let m(f) = f**3 + 29*f**2 - 2*f + 74. Give m(-29).
132
Let f(u) = 2*u**2 - u - 11. Give f(2).
-5
Let i(v) = v**2 + 43*v + 194. Give i(-5).
4
Let n(q) = -q**3 + 56*q**2 - 123*q + 15. Determine n(2).
-15
Let q(g) = -270*g + 1088. What is q(4)?
8
Let u(y) = -y**3 - 6*y**2 + 44*y - 131. Calculate u(-11).
-10
Let g(s) = s**3 + 16*s**2 + 41*s - 22. Give g(-13).
-48
Let x(k) = k**3 + 55*k**2 - 14748*k - 611. Calculate x(-152).
-3
Let d(g) = 228*g - 916. Give d(4).
-4
Let v(b) = b**3 + 153*b**2 - 408*b + 9356. What is v(-156)?
-4
Let m(r) = -48*r - 669. What is m(-19)?
243
Let u(q) = q**3 - 131*q**2 - 63*q - 9109. Determine u(132).
-1
Let q(t) = 16*t + 41. Calculate q(-11).
-135
Let u(i) = 157*i - 163. Determine u(1).
-6
Let o(d) = -d**3 - 28*d**2 + 53*d + 748. Calculate o(-29).
52
Let y(m) = -613*m + 3820. Determine y(6).
142
Let q(k) = -13*k**2 + 407*k - 115. Determine q(31).
9
Let n(r) = -150*r**3 + 6*r**2 - 24*r + 23. Calculate n(1).
-145
Let g(j) = -2*j**2 - 84*j - 223. Give g(-39).
11
Let o(v) = 2*v**3 - 17*v**2 + 20*v - 41. Determine o(5).
-116
Let f(m) = 300*m + 1312. Calculate f(-3).
412
Let j(k) = 7*k**2 + 801*k - 462. What is j(-115)?
-2
Let y(q) = 16*q - 717. Calculate y(47).
35
Let k(c) = 64*c**2 - 4*c - 4. Give k(-1).
64
Let b(z) = z**3 - 24*z**2 - 58*z + 848. What is b(25)?
23
Let g(j) = 5*j**2 - 250*j - 67. What is g(50)?
-67
Let p(i) = 105*i - 15. Determine p(-3).
-330
Let x(j) = -j**2 + 1219*j + 106678. What is x(-82)?
-4
Let n(x) = x**3 + 11*x**2 - 1902*x + 2401. What is n(-50)?
1
Let t(w) = -1923*w - 28855. Give t(-15).
-10
Let v(s) = 2*s**2 + 119*s + 83. Determine v(-52).
-697
Let n(v) = v**3 + 50*v**2 - 58*v - 362. Determine n(-51).
-5
Let d(l) = 17*l**2 + 782*l - 6. Calculate d(-46).
-6
Let q(z) = -z**2 + 22*z - 259. Determine q(17).
-174
Let f(o) = o**2 + 18*o - 30. Calculate f(-17).
-47
Let z(q) = 332*q + 2987. Give z(-9).
-1
Let z(y) = -34*y - 167. Determine z(-5).
3
Let t(v) = -48*v**3 + v**2 - 22*v + 20. Calculate t(1).
-49
Let i(m) = -108*m - 2371. Calculate i(-22).
5
Let k(u) = -15*u**3 - u**2 + 2. Calculate k(1).
-14
Let n(p) = 3*p**2 - 359*p + 710. What is n(2)?
4
Let c(b) = -b**2 + 60*b + 3463. Give c(-37).
-126
Let k(o) = 36*o + 2. Calculate k(1).
38
Let d(w) = -1079*w - 8631. What is d(-8)?
1
Let i(f) = -7*f**3 - 56*f**2 + 8*f - 46. Give i(-8).
-110
Let l(h) = -2*h**3 - 54*h**2 - 54*h + 19. What is l(-26)?
71
Let g(b) = 166*b**2 + 137*b + 278. What is g(-2)?
668
Let p(o) = 2*o**3 - 21*o**2 + 9*o + 8. Give p(10).
-2
Let r(y) = -18*y**2 - 1. Determine r(2).
-73
Let v(y) = 14*y**2 + 359*y + 49. Give v(-27).
562
Let l(y) = y - 201. What is l(19)?
-182
Let i(h) = -h**2 - 15*h + 62. What is i(4)?
-14
Let g(n) = -90*n**2 + 46*n + 95. Calculate g(-2).
-357
Let j(x) = 24*x - 119. Give j(10).
121
Let n(f) = -f**2 - 40*f - 106. What is n(-37)?
5
Let f(h) = h**2 + 35*h - 5544. Give f(59).
2
Let r(n) = -2*n**2 - 86*n - 929. What is r(-31)?
-185
Let i(l) = 1124*l - 5621. Give i(5).
-1
Let c(l) = 8114*l + 32449. Give c(-4).
-7
Let h(s) = -37*s + 657. Give h(24).
-231
Let t(j) = -59*j**3 + j**2 + 11*j + 16. Determine t(-2).
470
Let f(m) = -10*m**2 + 6*m + 4. Give f(-1).
-12
Let a(b) = -b**3 - 20*b**2 - 503*b - 11010. Determine a(-21).
-6
Let u(y) = -8*y**2 + 4*y + 15. What is u(2)?
-9
Let g(i) = 2*i**2 - 245*i + 1919. What is g(8)?
87
Let r(k) = -163*k - 21019. What is r(-129)?
8
Let n(u) = -85*u - 118. Give n(-3).
137
Let j(x) = -367*x + 3309. Calculate j(9).
6
Let q(j) = 2*j + 19. What is q(-11)?
-3
Let r(p) = p**2 + 32295*p + 129159. Calculate r(-4).
-5
Let p(l) = -l**2 - 2556*l - 198081. Determine p(-80).
-1
Let c(j) = 53*j + 1374. What is c(-26)?
-4
Let z(c) = 13*c**2 + 89*c + 72. What is z(-1)?
-4
Let n(i) = -182*i - 10584. What is n(-58)?
-28
Let f(o) = -36*o**2 - 652*o - 63. What is f(-18)?
9
Let f(c) = 94*c**2 + 10*c - 2. Give f(1).
102
Let u(c) = -3*c**3 + 33*c**2 - 67*c + 106. Determine u(9).
-11
Let g(x) = x**2 - 88*x + 582. What is g(7)?
15
Let p(s) = 62*s + 1089. Calculate p(-13).
283
Let k(t) = t**3 + 13*t**2 + 14*t - 137. What is k(-11)?
-49
Let u(i) = -6*i**2 - 299*i - 2745. What is u(-12)?
-21
Let r(t) = -t**3 + 8*t**2 - 6*t + 27. Give r(5).
72
Let o(a) = -2*a**3 - 3*a + 100. What is o(0)?
100
Let m(b) = 17*b**2 - 9*b + 28. Determine m(3).
154
Let s(o) = 2*o**2 + 31*o + 170. Calculate s(-5).
65
Let h(u) = u**2 - 26*u - 432. Calculate h(39).
75
Let b(z) = -464*z + 353. Calculate b(2).
-575
Let b(g) = -g**3 + 8*g**2 + 10*g - 21. Determine b(8).
59
Let a(x) = -x**2 - 124*x + 4440. Calculate a(29).
3
Let m(c) = -643*c**2 + 3214*c + 4. Give m(5).
-1
Let g(s) = -2*s**2 + 88*s + 184. Determine g(-2).
0
Let r(m) = 4*m**3 + 3*m**2 + 9*m - 5. Give r(-5).
-475
Let n(o) = 4*o**2 - 165*o - 48. What is n(41)?
-89
Let b(q) = -2*q**2 + 23*q + 89. Determine b(9).
134
Let m(t) = -t**2 - 31*t - 123. Determine m(-25).
27
Let w(y) = -y**2 - 3*y + 91. What is w(-14)?
-63
Let r(j) = j**3 + 19*j**2 + 19*j + 25. Calculate r(-19).
-336
Let k(r) = -15*r - 3456. Give k(-230).
-6
Let k(g) = g**2 - 26*g - 186. Determine k(-6).
6
Let b(n) = -n**3 - 50*n**2 + 338*n - 21. What is b(6)?
-9
Let m(b) = b**3 + 18*b**2 + 7*b - 45. Calculate m(-17).
125
Let f(r) = r**3 + 24*r**2 - 22*r - 137. Calculate f(-25).
-212
Let b(i) = 40*i**2 + 3963*i + 302. What is b(-99)?
5
Let t(r) = -19*r**3 - 649*r**2 - 104*r - 39. Calculate t(-34).
29
Let p(x) = -x**3 - 26*x**2 - 65*x + 32. Calculate p(-23).
-60
Let s(d) = 5*d**2 + 59*d - 42. What is s(-12)?
-30
Let w(o) = o**2 - 384*o + 4473. What is w(12)?
9
Let q(r) = -8*r**2 - 1450*r - 366. Calculate q(-181).
-4
Let p(l) = 2*l**2 + 159*l + 518. Calculate p(-76).
-14
Let x(a) = -4*a**3 + 6*a**2 + 248*a - 251. What is x(1)?
-1
Let z(i) = -2*i**3 - 12*i**2 - 27*i - 9. Calculate z(-2).
13
Let w(q) = q**2 - 17*q + 63. What is w(8)?
-9
Let a(g) = 40*g - 2467. What is a(66)?
173
Let g(t) = -t**3 + 6*t**2 - 15*t + 124. Give g(6).
34
Let b(o) = o**3 + 2*o**2 + 2*o - 5. What is b(0)?
-5
Let t(s) = 241*s - 5317. What is t(22)?
-15
Let h(o) = -57*o + 793. What is h(14)?
-5
Let k(w) = -13*w**2 + 381*w - 115. Calculate k(29).
1
Let y(a) = -41*a**2 - 49*a - 151. Calculate y(-3).
-373
Let v(i) = -606*i - 4321. What is v(-7)?
-79
Let w(h) = -151*h + 23410. What is w(155)?
5
Let y(r) = -38*r + 125. Calculate y(6).
-103
Let c(k) = 28*k + 3951. Determine c(-142).
-25
Let a(z) = 2*z**2 + 20*z - 57. Give a(3).
21
Let a(z) = 1053*z - 7360. Give a(7).
11
Let w(m) = -10*m**2 - 1367*m + 409. Give w(-137).
-2
Let t(m) = 3*m**2 - 85*m + 301. Determine t(25).
51
Let f(p) = p**3 - 10*p**2 + 14*p - 8. What is f(7)?
-57
Let k(t) = -196*t + 79. Calculate k(-3).
667
Let o(t) = -97*t + 897. Give o(10).
-73
Let i(w) = 235*w + 44. Determine i(-1).
-191
Let n(k) = -k**2 + 292*k + 10731. Calculate n(-33).
6
Let v(b) = -13686*b - 41065. Determine v(-3).
-7
Let h(j) = -43*j - 452. What is h(-9)?
-65
Let y(h) = -h**3 + 169*h**2 + 862*h + 1379. Calculate y(174).
-13
Let x(i) = -2*i**2 + 63*i + 118. Determine x(33).
19
Let c(y) = -y**2 + 20*y + 19. Determine c(31).
-322
Let c(m) = 2*m**2 + 4604*m - 23044. What is c(5)?
26
Let m(o) = 32*o**2 + 39*o + 91. Calculate m(-3).
262
Let f(p) = 44*p - 831. Determine f(19).
5
Let l(z) = -z**2 - 23*z + 41. Give l(3).
-37
Let a(z) = -14*z - 327. What is a(-40)?
233
Let r(x) = 4*x**2 + 167*x + 1757. Calculate r(-21).
14
Let j(l) = l**2 + 605*l - 3681. Give j(6).
-15
Let k(p) = -3*p**2 - 36*p. What is k(0)?
0
Let o(g) = -g**3 + 35*g**2 - 99*g + 93. Calculate o(32).
-3
Let m(l) = -736*l**2 - 23*l + 21. Determine m(1).
-738
Let p(n) = 2*n**3 + 177*n**2 - 123*n - 3030. Determine p(-89).
-4
Let f(c) = 160*c + 795. Give f(-5).
-5
Let y(v) = -154*v - 7227. Calculate y(-47).
11
Let r(g) = -124*g**2 - 366*g - 2. What is r(-4)?
-522
Let i(t) = -t**2 - 13120*t - 65564. Det